base 7) to base 16.
-340f89
-3d543 (base 16) to base 6
-5214551
-4623001 (base 8) to base 16
-132601
11222233 (base 4) to base 3
1011211211
Convert -1022011011111 (base 3) to base 16.
-a8ee6
2151466 (base 7) to base 10
264697
Convert -45511553 (base 6) to base 5.
-324044004
122013300332 (base 4) to base 16
687c3e
Convert 221001002 (base 4) to base 8.
510102
Convert 4b482 (base 16) to base 13.
aa477
What is 35424045 (base 6) in base 16?
10e6dd
What is 10201102010000 (base 3) in base 4?
13202201100
20111110100 (base 3) to base 16
1f3a4
What is -167a (base 12) in base 3?
-10200111
What is 21422104 (base 5) in base 6?
3552400
What is 1336160 (base 7) in base 10?
177422
1680403 (base 10) to base 6
100003351
Convert -2021303 (base 9) to base 13.
-2b9287
Convert 2032132 (base 7) to base 11.
156845
What is 255525443 (base 6) in base 14?
950c4b
Convert -6432450 (base 7) to base 13.
-214797
-1566330 (base 7) to base 16
-354cc
Convert 2353262 (base 8) to base 7.
5323562
What is -b6d8b0 (base 14) in base 16?
-5e5c12
8d3b (base 15) to base 4
13110131
Convert 56a1a0 (base 12) to base 7.
14532111
Convert 1010110100001010101010 (base 2) to base 12.
b48836
372241 (base 14) to base 11
107a7a6
-10506253 (base 8) to base 13
-6137ac
Convert 15240657 (base 8) to base 3.
20120022200112
What is -2095458 (base 10) in base 2?
-111111111100101100010
Convert 4022113102 (base 5) to base 6.
443320132
What is -426240 (base 9) in base 11?
-16382a
-233333254 (base 6) to base 3
-22012212100221
Convert 41bb41 (base 14) to base 13.
5ca576
466810 (base 9) to base 2
1000100100000010001
What is -4569a15 (base 11) in base 13?
-186ac27
What is 10001034 (base 5) in base 13?
29819
-6241036 (base 9) to base 10
-3333750
Convert -141535553 (base 6) to base 15.
-3c14bc
11012222001 (base 3) to base 4
110102020
2441241 (base 5) to base 14
12cd8
What is -2bbcf (base 16) in base 8?
-535717
Convert -111432434 (base 5) to base 14.
-cdc75
What is -474639 (base 14) in base 3?
-11120120122022
What is -5743265 (base 8) in base 14?
-2c7bdb
203301323 (base 4) to base 6
3050255
What is 12267664 (base 9) in base 3?
102022021202011
11103011331 (base 4) to base 9
2546220
Convert 1549692 (base 11) to base 12.
a78622
e13d0 (base 16) to base 8
3411720
86001 (base 9) to base 7
324532
135440223 (base 6) to base 9
5220806
Convert -141201 (base 8) to base 2.
-1100001010000001
-430061 (base 15) to base 2
-1100001010101011011010
What is 3431111 (base 6) in base 10?
175219
What is 4767d (base 14) in base 3?
22211220100
What is -2971a (base 13) in base 5?
-4444401
Convert 149df (base 16) to base 7.
501126
What is -224524 (base 13) in base 8?
-3054633
What is 2466380 (base 10) in base 15?
33aba5
Convert 340122110 (base 5) to base 7.
15441124
1aba66 (base 14) to base 5
221013333
What is 38bb20 (base 13) in base 7?
14426363
-22bff (base 16) to base 5
-14023320
Convert 23301022 (base 4) to base 9.
73107
Convert 299839 (base 12) to base 8.
2531155
Convert -1286440 (base 12) to base 13.
-9b21c1
Convert 77561 (base 9) to base 7.
303055
14111124 (base 5) to base 4
203102123
-1711d2 (base 14) to base 7
-6612052
What is 2034515 (base 7) in base 15?
4c505
19fb7f (base 16) to base 7
20321245
a66438 (base 11) to base 14
326071
Convert -134637 (base 9) to base 2.
-10100000011111000
-266541 (base 14) to base 2
-101000011001001111101
What is -2b7902b (base 12) in base 2?
-100001110101011111100011
Convert -4375aa (base 11) to base 10.
-698169
Convert 1737ca (base 13) to base 5.
122013120
2ac7e5 (base 16) to base 11
16454a5
What is -5441006 (base 8) in base 11?
-906a36
-21002122111 (base 3) to base 14
-38cb5
Convert -110222101012112 (base 3) to base 15.
-91360e
325104 (base 7) to base 14
16aab
What is 50516f (base 16) in base 14?
9b03a7
7b1085 (base 12) to base 14
3947d3
-346a946 (base 12) to base 7
-151550232
40a61 (base 12) to base 16
149e9
What is -15510431 (base 6) in base 14?
-105a39
What is -11003001332 (base 5) in base 8?
-54704122
Convert 10431102 (base 5) to base 12.
45750
What is -5d3b1a (base 14) in base 3?
-20000112010021
-28b95d (base 14) to base 5
-330240012
-11011100101000111 (base 2) to base 4
-123211013
-1160464 (base 7) to base 15
-2e2a4
Convert -41401221 (base 5) to base 16.
-5334b
What is 8837538 (base 9) in base 7?
55236623
Convert 1791794 (base 10) to base 5.
424314134
What is 10122122121 (base 3) in base 9?
118577
-12fe4 (base 16) to base 13
-29544
Convert 251121 (base 10) to base 5.
31013441
Convert -303132231 (base 4) to base 2.
-110011011110101101
What is 7e93c (base 15) in base 8?
1424373
10215630 (base 7) to base 8
3222624
Convert 147723 (base 11) to base 8.
700654
Convert -1210101202111 (base 3) to base 5.
-220441002
99881 (base 14) to base 16
5ad99
-1c57b2 (base 13) to base 15
-e5328
What is -12303113330 (base 4) in base 8?
-6632774
-1834a (base 15) to base 9
-128447
What is 1011111111100011000 (base 2) in base 13?
109b47
What is -2dac92 (base 14) in base 3?
-10000112121120
317a9 (base 11) to base 6
553552
12233142 (base 5) to base 2
11100110010100010
What is 1a90a3b (base 12) in base 9?
11580332
Convert 10000010011011101101 (base 2) to base 8.
2023355
-650608 (base 12) to base 6
-54124012
-2222212202122 (base 3) to base 10
-1591964
Convert -668a5 (base 11) to base 6.
-2024403
Convert 621227 (base 14) to base 6.
154513535
-2294859 (base 10) to base 4
-20300101023
Convert 112100322 (base 4) to base 3.
11122002120
What is 7242622 (base 9) in base 7?
44602166
Convert 1200302232 (base 5) to base 4.
22131330003
Convert 10c619 (base 14) to base 12.
236ba7
-1431222400 (base 5) to base 7
-44034246
Convert -224772 (base 14) to base 13.
-31a30b
Convert 1105515320 (base 6) to base 16.
b797e0
Convert -53800 (base 11) to base 10.
-78166
What is -47471 (base 12) in base 11?
-659a1
11012214 (base 5) to base 4
113013130
What is 344135 (base 7) in base 15?
13332
-1189880 (base 10) to base 11
-742a7a
What is -2301110001 (base 4) in base 5?
-141220043
-56a2 (base 12) to base 11
-7261
Convert -2336107 (base 8) to base 10.
-638023
What is -65266a (base 12) in base 15?
-2195d4
Convert 542a5 (base 11) to base 5.
10011021
1908232 (base 10) to base 2
111010001111000001000
Convert 7385637 (base 9) to base 11.
2260683
135534 (base 7) to base 12
13063
What is -185b8 (base 12) in base 10?
-35420
5caee (base 16) to base 5
44122010
25325413 (base 7) to base 6
121045151
Convert -3152360 (base 8) to base 12.
-3467a8
What is 3346386 (base 10) in base 6?
155420310
What is -2312213020 (base 4) in base 10?
-747976
What is 20c043 (base 13) in base 12?
311039
20134 (base 11) to base 3
1111101101
What is 12303111321 (base 4) in base 8?
6632571
What is 1111110011111100 (base 2) in base 13?
2362b
-33535621 (base 7) to base 16
-2c81e6
Convert -104141606 (base 7) to base 2.
-10111111000111010110011
What is 15190a (base 13) in base 5?
113032301
-103ea6 (base 15) to base 13
-2109a8
14233366 (base 8) to base 2
1100010011011011110110
What is -144018 (base 12) in base 14?
-8b616
What is -1110110010010010110 (base 2) in base 11?
-301017
420453022 (base 6) to base 13
1692350
What is -210222211202 (base 3) in base 11?
-276286
Convert -10342432 (base 5) to base 9.
-146857
24ab0 (base 14) to base 6
1532150
Convert 77e79 (base 15) to base 2.
1011101000101010000
What is 8165637 (base 9) in base 15?
5b018d
What is 110121022122022 (base 3) in base 12?
22b055b
-484778 (base 10) to base 4
-1312112222
-101bc50 (base 15) to base 12
-3a18226
What is -1100111011111101010 (base 2) in base 16?
-677ea
Convert -612554 (base 7) to base 2.
-11001011100010101
100224 (base 5) to base 8
6165
Convert -378465 (base 9) to base 12.
-b0835
-64911 (base 10) to base 11
-44850
Convert 90979 (base 13) to base 11.
167385
Convert -1510187 (base 10) to base 4.
-11300230223
-10022211120202 (base 3) to base 11
-aa8570
-2022023322 (base 4) to base 7
-4545114
-22022021100222 (base 3) to base 16
-435b9c
Convert -7044029 (base 11) to base 14.
-1926822
Convert 1101111100101011100110 (base 2) to base 6.
210211514
What is 10221201001000 (base 3) in base 4?
20000300310
Convert 2516 (base 14) to base 7.
24626
-1043214 (base 6) to base 10
-52570
Convert -112061653 (base 7) to base 11.
-3951041
Convert -14422242 (base 6) to base 8.
-1722062
5671684 (base 9) to base 4
23222300131
Convert -1624501